{"id":5623,"date":"2022-02-09T16:33:42","date_gmt":"2022-02-09T15:33:42","guid":{"rendered":"https:\/\/patoagencja.com\/main\/?page_id=5623"},"modified":"2022-02-10T15:21:32","modified_gmt":"2022-02-10T14:21:32","slug":"%f0%9f%98%82%f0%9f%98%82%f0%9f%98%82","status":"publish","type":"page","link":"https:\/\/patoagencja.com\/main\/en\/fun\/","title":{"rendered":"\ud83d\ude02\ud83d\ude02\ud83d\ude02"},"content":{"rendered":"\t\t<div data-elementor-type=\"wp-page\" data-elementor-id=\"5623\" class=\"elementor elementor-5623\">\n\t\t\t\t\t\t\t\t\t<section class=\"elementor-section elementor-top-section elementor-element elementor-element-ea6f471 elementor-section-stretched elementor-section-full_width elementor-section-height-default elementor-section-height-default qodef-elementor-content-no qodef-content-alignment-no\" data-id=\"ea6f471\" data-element_type=\"section\" data-settings=\"{&quot;stretch_section&quot;:&quot;section-stretched&quot;}\">\n\t\t\t\t\t\t\t<div class=\"elementor-background-overlay\"><\/div>\n\t\t\t\t\t\t\t<div class=\"elementor-container elementor-column-gap-default\">\n\t\t\t\t\t<div class=\"elementor-column elementor-col-100 elementor-top-column elementor-element elementor-element-080beeb\" data-id=\"080beeb\" data-element_type=\"column\">\n\t\t\t<div class=\"elementor-widget-wrap elementor-element-populated\">\n\t\t\t\t\t\t\t\t<div class=\"elementor-element elementor-element-4bb16bf elementor-widget elementor-widget-boldlab_core_image_gallery\" data-id=\"4bb16bf\" data-element_type=\"widget\" data-widget_type=\"boldlab_core_image_gallery.default\">\n\t\t\t\t<div class=\"elementor-widget-container\">\n\t\t\t<div class=\"qodef-shortcode qodef-m  qodef-image-gallery  qodef-grid qodef-layout--columns  qodef-gutter--tiny qodef-col-num--3  qodef-responsive--predefined\" data-justified-options=\"{&quot;rowHeight&quot;:&quot;&quot;,&quot;spaceBetween&quot;:5}\">\n    <div class=\"qodef-grid-inner clear\">\n\t\t<div class=\"qodef-e qodef-image-wrapper qodef-grid-item\">\n\t\t\t\t\t\t<img loading=\"lazy\" decoding=\"async\" width=\"789\" height=\"789\" src=\"https:\/\/patoagencja.com\/wp-content\/uploads\/2022\/01\/Zrzut-ekranu-2022-01-31-o-11.23.08.png\" class=\"attachment-full size-full\" alt=\"\" srcset=\"https:\/\/patoagencja.com\/wp-content\/uploads\/2022\/01\/Zrzut-ekranu-2022-01-31-o-11.23.08.png 789w, https:\/\/patoagencja.com\/wp-content\/uploads\/2022\/01\/Zrzut-ekranu-2022-01-31-o-11.23.08-300x300.png 300w, https:\/\/patoagencja.com\/wp-content\/uploads\/2022\/01\/Zrzut-ekranu-2022-01-31-o-11.23.08-150x150.png 150w, https:\/\/patoagencja.com\/wp-content\/uploads\/2022\/01\/Zrzut-ekranu-2022-01-31-o-11.23.08-768x768.png 768w, https:\/\/patoagencja.com\/wp-content\/uploads\/2022\/01\/Zrzut-ekranu-2022-01-31-o-11.23.08-650x650.png 650w, https:\/\/patoagencja.com\/wp-content\/uploads\/2022\/01\/Zrzut-ekranu-2022-01-31-o-11.23.08-600x600.png 600w, https:\/\/patoagencja.com\/wp-content\/uploads\/2022\/01\/Zrzut-ekranu-2022-01-31-o-11.23.08-100x100.png 100w\" sizes=\"auto, (max-width: 789px) 100vw, 789px\" \/>\t\t\t<\/div><div class=\"qodef-e qodef-image-wrapper qodef-grid-item\">\n\t\t\t\t\t\t<img loading=\"lazy\" decoding=\"async\" width=\"719\" height=\"720\" src=\"https:\/\/patoagencja.com\/wp-content\/uploads\/2022\/01\/Zrzut-ekranu-2022-01-31-o-11.22.26.png\" class=\"attachment-full size-full\" alt=\"\" srcset=\"https:\/\/patoagencja.com\/wp-content\/uploads\/2022\/01\/Zrzut-ekranu-2022-01-31-o-11.22.26.png 719w, https:\/\/patoagencja.com\/wp-content\/uploads\/2022\/01\/Zrzut-ekranu-2022-01-31-o-11.22.26-300x300.png 300w, https:\/\/patoagencja.com\/wp-content\/uploads\/2022\/01\/Zrzut-ekranu-2022-01-31-o-11.22.26-150x150.png 150w, https:\/\/patoagencja.com\/wp-content\/uploads\/2022\/01\/Zrzut-ekranu-2022-01-31-o-11.22.26-650x650.png 650w, https:\/\/patoagencja.com\/wp-content\/uploads\/2022\/01\/Zrzut-ekranu-2022-01-31-o-11.22.26-600x601.png 600w, https:\/\/patoagencja.com\/wp-content\/uploads\/2022\/01\/Zrzut-ekranu-2022-01-31-o-11.22.26-100x100.png 100w\" sizes=\"auto, (max-width: 719px) 100vw, 719px\" \/>\t\t\t<\/div><div class=\"qodef-e qodef-image-wrapper qodef-grid-item\">\n\t\t\t\t\t\t<img loading=\"lazy\" decoding=\"async\" width=\"695\" height=\"695\" src=\"https:\/\/patoagencja.com\/wp-content\/uploads\/2022\/01\/Zrzut-ekranu-2022-01-31-o-11.21.27.png\" class=\"attachment-full size-full\" alt=\"\" srcset=\"https:\/\/patoagencja.com\/wp-content\/uploads\/2022\/01\/Zrzut-ekranu-2022-01-31-o-11.21.27.png 695w, https:\/\/patoagencja.com\/wp-content\/uploads\/2022\/01\/Zrzut-ekranu-2022-01-31-o-11.21.27-300x300.png 300w, https:\/\/patoagencja.com\/wp-content\/uploads\/2022\/01\/Zrzut-ekranu-2022-01-31-o-11.21.27-150x150.png 150w, https:\/\/patoagencja.com\/wp-content\/uploads\/2022\/01\/Zrzut-ekranu-2022-01-31-o-11.21.27-650x650.png 650w, https:\/\/patoagencja.com\/wp-content\/uploads\/2022\/01\/Zrzut-ekranu-2022-01-31-o-11.21.27-600x600.png 600w, https:\/\/patoagencja.com\/wp-content\/uploads\/2022\/01\/Zrzut-ekranu-2022-01-31-o-11.21.27-100x100.png 100w\" sizes=\"auto, (max-width: 695px) 100vw, 695px\" \/>\t\t\t<\/div><div class=\"qodef-e qodef-image-wrapper qodef-grid-item\">\n\t\t\t\t\t\t<img loading=\"lazy\" decoding=\"async\" width=\"787\" height=\"788\" src=\"https:\/\/patoagencja.com\/wp-content\/uploads\/2022\/01\/Zrzut-ekranu-2022-01-31-o-11.20.54.png\" class=\"attachment-full size-full\" alt=\"\" srcset=\"https:\/\/patoagencja.com\/wp-content\/uploads\/2022\/01\/Zrzut-ekranu-2022-01-31-o-11.20.54.png 787w, https:\/\/patoagencja.com\/wp-content\/uploads\/2022\/01\/Zrzut-ekranu-2022-01-31-o-11.20.54-300x300.png 300w, https:\/\/patoagencja.com\/wp-content\/uploads\/2022\/01\/Zrzut-ekranu-2022-01-31-o-11.20.54-150x150.png 150w, https:\/\/patoagencja.com\/wp-content\/uploads\/2022\/01\/Zrzut-ekranu-2022-01-31-o-11.20.54-768x769.png 768w, https:\/\/patoagencja.com\/wp-content\/uploads\/2022\/01\/Zrzut-ekranu-2022-01-31-o-11.20.54-650x650.png 650w, https:\/\/patoagencja.com\/wp-content\/uploads\/2022\/01\/Zrzut-ekranu-2022-01-31-o-11.20.54-600x601.png 600w, https:\/\/patoagencja.com\/wp-content\/uploads\/2022\/01\/Zrzut-ekranu-2022-01-31-o-11.20.54-100x100.png 100w\" sizes=\"auto, (max-width: 787px) 100vw, 787px\" \/>\t\t\t<\/div><div class=\"qodef-e qodef-image-wrapper qodef-grid-item\">\n\t\t\t\t\t\t<img loading=\"lazy\" decoding=\"async\" width=\"788\" height=\"787\" src=\"https:\/\/patoagencja.com\/wp-content\/uploads\/2022\/01\/Zrzut-ekranu-2022-01-31-o-11.20.34.png\" class=\"attachment-full size-full\" alt=\"\" srcset=\"https:\/\/patoagencja.com\/wp-content\/uploads\/2022\/01\/Zrzut-ekranu-2022-01-31-o-11.20.34.png 788w, https:\/\/patoagencja.com\/wp-content\/uploads\/2022\/01\/Zrzut-ekranu-2022-01-31-o-11.20.34-300x300.png 300w, https:\/\/patoagencja.com\/wp-content\/uploads\/2022\/01\/Zrzut-ekranu-2022-01-31-o-11.20.34-150x150.png 150w, https:\/\/patoagencja.com\/wp-content\/uploads\/2022\/01\/Zrzut-ekranu-2022-01-31-o-11.20.34-768x767.png 768w, https:\/\/patoagencja.com\/wp-content\/uploads\/2022\/01\/Zrzut-ekranu-2022-01-31-o-11.20.34-650x650.png 650w, https:\/\/patoagencja.com\/wp-content\/uploads\/2022\/01\/Zrzut-ekranu-2022-01-31-o-11.20.34-600x599.png 600w, https:\/\/patoagencja.com\/wp-content\/uploads\/2022\/01\/Zrzut-ekranu-2022-01-31-o-11.20.34-100x100.png 100w\" sizes=\"auto, (max-width: 788px) 100vw, 788px\" \/>\t\t\t<\/div><div class=\"qodef-e qodef-image-wrapper qodef-grid-item\">\n\t\t\t\t\t\t<img loading=\"lazy\" decoding=\"async\" width=\"689\" height=\"689\" src=\"https:\/\/patoagencja.com\/wp-content\/uploads\/2022\/01\/Zrzut-ekranu-2022-01-31-o-11.19.52.png\" class=\"attachment-full size-full\" alt=\"\" srcset=\"https:\/\/patoagencja.com\/wp-content\/uploads\/2022\/01\/Zrzut-ekranu-2022-01-31-o-11.19.52.png 689w, https:\/\/patoagencja.com\/wp-content\/uploads\/2022\/01\/Zrzut-ekranu-2022-01-31-o-11.19.52-300x300.png 300w, https:\/\/patoagencja.com\/wp-content\/uploads\/2022\/01\/Zrzut-ekranu-2022-01-31-o-11.19.52-150x150.png 150w, https:\/\/patoagencja.com\/wp-content\/uploads\/2022\/01\/Zrzut-ekranu-2022-01-31-o-11.19.52-650x650.png 650w, https:\/\/patoagencja.com\/wp-content\/uploads\/2022\/01\/Zrzut-ekranu-2022-01-31-o-11.19.52-600x600.png 600w, https:\/\/patoagencja.com\/wp-content\/uploads\/2022\/01\/Zrzut-ekranu-2022-01-31-o-11.19.52-100x100.png 100w\" sizes=\"auto, (max-width: 689px) 100vw, 689px\" \/>\t\t\t<\/div><div class=\"qodef-e qodef-image-wrapper qodef-grid-item\">\n\t\t\t\t\t\t<img loading=\"lazy\" decoding=\"async\" width=\"786\" height=\"788\" src=\"https:\/\/patoagencja.com\/wp-content\/uploads\/2022\/01\/Zrzut-ekranu-2022-01-31-o-11.10.14.png\" class=\"attachment-full size-full\" alt=\"\" srcset=\"https:\/\/patoagencja.com\/wp-content\/uploads\/2022\/01\/Zrzut-ekranu-2022-01-31-o-11.10.14.png 786w, https:\/\/patoagencja.com\/wp-content\/uploads\/2022\/01\/Zrzut-ekranu-2022-01-31-o-11.10.14-300x300.png 300w, https:\/\/patoagencja.com\/wp-content\/uploads\/2022\/01\/Zrzut-ekranu-2022-01-31-o-11.10.14-150x150.png 150w, https:\/\/patoagencja.com\/wp-content\/uploads\/2022\/01\/Zrzut-ekranu-2022-01-31-o-11.10.14-768x770.png 768w, https:\/\/patoagencja.com\/wp-content\/uploads\/2022\/01\/Zrzut-ekranu-2022-01-31-o-11.10.14-600x602.png 600w, https:\/\/patoagencja.com\/wp-content\/uploads\/2022\/01\/Zrzut-ekranu-2022-01-31-o-11.10.14-100x100.png 100w\" sizes=\"auto, (max-width: 786px) 100vw, 786px\" \/>\t\t\t<\/div><div class=\"qodef-e qodef-image-wrapper qodef-grid-item\">\n\t\t\t\t\t\t<img loading=\"lazy\" decoding=\"async\" width=\"782\" height=\"786\" src=\"https:\/\/patoagencja.com\/wp-content\/uploads\/2022\/01\/Zrzut-ekranu-2022-01-31-o-11.09.11.png\" class=\"attachment-full size-full\" alt=\"\" srcset=\"https:\/\/patoagencja.com\/wp-content\/uploads\/2022\/01\/Zrzut-ekranu-2022-01-31-o-11.09.11.png 782w, https:\/\/patoagencja.com\/wp-content\/uploads\/2022\/01\/Zrzut-ekranu-2022-01-31-o-11.09.11-298x300.png 298w, https:\/\/patoagencja.com\/wp-content\/uploads\/2022\/01\/Zrzut-ekranu-2022-01-31-o-11.09.11-150x150.png 150w, https:\/\/patoagencja.com\/wp-content\/uploads\/2022\/01\/Zrzut-ekranu-2022-01-31-o-11.09.11-768x772.png 768w, https:\/\/patoagencja.com\/wp-content\/uploads\/2022\/01\/Zrzut-ekranu-2022-01-31-o-11.09.11-600x603.png 600w, https:\/\/patoagencja.com\/wp-content\/uploads\/2022\/01\/Zrzut-ekranu-2022-01-31-o-11.09.11-100x100.png 100w\" sizes=\"auto, (max-width: 782px) 100vw, 782px\" \/>\t\t\t<\/div><div class=\"qodef-e qodef-image-wrapper qodef-grid-item\">\n\t\t\t\t\t\t<img loading=\"lazy\" decoding=\"async\" width=\"786\" height=\"787\" src=\"https:\/\/patoagencja.com\/wp-content\/uploads\/2022\/01\/Zrzut-ekranu-2022-01-31-o-11.12.30.png\" class=\"attachment-full size-full\" alt=\"\" srcset=\"https:\/\/patoagencja.com\/wp-content\/uploads\/2022\/01\/Zrzut-ekranu-2022-01-31-o-11.12.30.png 786w, https:\/\/patoagencja.com\/wp-content\/uploads\/2022\/01\/Zrzut-ekranu-2022-01-31-o-11.12.30-300x300.png 300w, https:\/\/patoagencja.com\/wp-content\/uploads\/2022\/01\/Zrzut-ekranu-2022-01-31-o-11.12.30-150x150.png 150w, https:\/\/patoagencja.com\/wp-content\/uploads\/2022\/01\/Zrzut-ekranu-2022-01-31-o-11.12.30-768x769.png 768w, https:\/\/patoagencja.com\/wp-content\/uploads\/2022\/01\/Zrzut-ekranu-2022-01-31-o-11.12.30-650x650.png 650w, https:\/\/patoagencja.com\/wp-content\/uploads\/2022\/01\/Zrzut-ekranu-2022-01-31-o-11.12.30-600x601.png 600w, https:\/\/patoagencja.com\/wp-content\/uploads\/2022\/01\/Zrzut-ekranu-2022-01-31-o-11.12.30-100x100.png 100w\" sizes=\"auto, (max-width: 786px) 100vw, 786px\" \/>\t\t\t<\/div>    <\/div>\n<\/div>\t\t<\/div>\n\t\t\t\t<\/div>\n\t\t\t\t\t<\/div>\n\t\t<\/div>\n\t\t\t\t\t\t\t<\/div>\n\t\t<\/section>\n\t\t\t\t<section class=\"elementor-section elementor-top-section elementor-element elementor-element-c577c39 elementor-section-full_width elementor-section-content-middle elementor-section-height-default elementor-section-height-default qodef-elementor-content-no qodef-content-alignment-no\" data-id=\"c577c39\" data-element_type=\"section\" data-settings=\"{&quot;background_background&quot;:&quot;classic&quot;}\">\n\t\t\t\t\t\t<div class=\"elementor-container elementor-column-gap-default\">\n\t\t\t\t\t<div class=\"elementor-column elementor-col-50 elementor-top-column elementor-element elementor-element-60e3d94\" data-id=\"60e3d94\" data-element_type=\"column\">\n\t\t\t<div class=\"elementor-widget-wrap elementor-element-populated\">\n\t\t\t\t\t\t\t\t<div class=\"elementor-element elementor-element-0cc1e48 elementor-widget elementor-widget-text-editor\" data-id=\"0cc1e48\" data-element_type=\"widget\" data-widget_type=\"text-editor.default\">\n\t\t\t\t<div class=\"elementor-widget-container\">\n\t\t\t<style>\/*! elementor - v3.17.0 - 08-11-2023 *\/\n.elementor-widget-text-editor.elementor-drop-cap-view-stacked .elementor-drop-cap{background-color:#69727d;color:#fff}.elementor-widget-text-editor.elementor-drop-cap-view-framed .elementor-drop-cap{color:#69727d;border:3px solid;background-color:transparent}.elementor-widget-text-editor:not(.elementor-drop-cap-view-default) .elementor-drop-cap{margin-top:8px}.elementor-widget-text-editor:not(.elementor-drop-cap-view-default) .elementor-drop-cap-letter{width:1em;height:1em}.elementor-widget-text-editor .elementor-drop-cap{float:left;text-align:center;line-height:1;font-size:50px}.elementor-widget-text-editor .elementor-drop-cap-letter{display:inline-block}<\/style>\t\t\t\t<h4 style=\"text-align: left;\"><span style=\"color: #ffffff;\">Contact:<\/span><\/h4>\n<p><span style=\"color: #ffffff;\">Tel: +48 698 477 368<\/span><br><span style=\"color: #ffffff;\">email: kontakt@patoagencja.com<\/span><br><\/p>\t\t\t\t\t\t<\/div>\n\t\t\t\t<\/div>\n\t\t\t\t\t<\/div>\n\t\t<\/div>\n\t\t\t\t<div class=\"elementor-column elementor-col-50 elementor-top-column elementor-element elementor-element-b884104\" data-id=\"b884104\" data-element_type=\"column\">\n\t\t\t<div class=\"elementor-widget-wrap elementor-element-populated\">\n\t\t\t\t\t\t\t\t<div class=\"elementor-element elementor-element-6933e10 elementor-widget__width-auto elementor-widget elementor-widget-boldlab_core_icon\" data-id=\"6933e10\" data-element_type=\"widget\" data-widget_type=\"boldlab_core_icon.default\">\n\t\t\t\t<div class=\"elementor-widget-container\">\n\t\t\t<span class=\"qodef-shortcode qodef-m  qodef-icon-holder qodef-size--default qodef-layout--normal\" data-hover-color=\"#FFFFFF\" style=\"margin: 0px 10px\">\n\t\t\t<a itemprop=\"url\" href=\"https:\/\/www.linkedin.com\/company\/patoagencja\/mycompany\/\" target=\"_blank\">\n            <span class=\"qodef-icon-font-awesome fab fa-linkedin qodef-icon qodef-e\" style=\"color: #FFFFFF;font-size:25px\" ><\/span>            <\/a>\n\t<\/span>\t\t<\/div>\n\t\t\t\t<\/div>\n\t\t\t\t\t<\/div>\n\t\t<\/div>\n\t\t\t\t\t\t\t<\/div>\n\t\t<\/section>\n\t\t\t\t\t\t\t<\/div>\n\t\t","protected":false},"excerpt":{"rendered":"<p>Contact: Tel: +48 698 477 368email: kontakt@patoagencja.com<\/p>\n","protected":false},"author":1,"featured_media":0,"parent":5652,"menu_order":0,"comment_status":"closed","ping_status":"closed","template":"page-full-width.php","meta":{"footnotes":"","_links_to":"","_links_to_target":""},"class_list":["post-5623","page","type-page","status-publish","hentry"],"yoast_head":"<!-- This site is optimized with the Yoast SEO plugin v21.5 - https:\/\/yoast.com\/wordpress\/plugins\/seo\/ -->\n<title>\ud83d\ude02\ud83d\ude02\ud83d\ude02 - Patoagencja<\/title>\n<meta name=\"description\" content=\"Patoagencja to nie jest zwyk\u0142a agencja. To patoagencja. Bierzemy du\u017cy hajs za du\u017ce wyniki. Nie bierzemy je\u0144c\u00f3w. Zata\u0144czysz z nami?\" \/>\n<meta name=\"robots\" content=\"index, follow, max-snippet:-1, max-image-preview:large, max-video-preview:-1\" \/>\n<link rel=\"canonical\" href=\"https:\/\/patoagencja.com\/main\/en\/fun\/\" \/>\n<meta property=\"og:locale\" content=\"pl_PL\" \/>\n<meta property=\"og:type\" content=\"article\" \/>\n<meta property=\"og:title\" content=\"\ud83d\ude02\ud83d\ude02\ud83d\ude02 - Patoagencja\" \/>\n<meta property=\"og:description\" content=\"Patoagencja to nie jest zwyk\u0142a agencja. To patoagencja. Bierzemy du\u017cy hajs za du\u017ce wyniki. Nie bierzemy je\u0144c\u00f3w. Zata\u0144czysz z nami?\" \/>\n<meta property=\"og:url\" content=\"https:\/\/patoagencja.com\/main\/en\/fun\/\" \/>\n<meta property=\"og:site_name\" content=\"Patoagencja\" \/>\n<meta property=\"article:modified_time\" content=\"2022-02-10T14:21:32+00:00\" \/>\n<meta property=\"og:image\" content=\"https:\/\/patoagencja.com\/wp-content\/uploads\/2022\/01\/Zrzut-ekranu-2022-01-31-o-11.23.08.png\" \/>\n<meta name=\"twitter:card\" content=\"summary_large_image\" \/>\n<meta name=\"twitter:label1\" content=\"Szacowany czas czytania\" \/>\n\t<meta name=\"twitter:data1\" content=\"2 minuty\" \/>\n<script type=\"application\/ld+json\" class=\"yoast-schema-graph\">{\"@context\":\"https:\/\/schema.org\",\"@graph\":[{\"@type\":\"WebPage\",\"@id\":\"https:\/\/patoagencja.com\/main\/en\/fun\/\",\"url\":\"https:\/\/patoagencja.com\/main\/en\/fun\/\",\"name\":\"\ud83d\ude02\ud83d\ude02\ud83d\ude02 - Patoagencja\",\"isPartOf\":{\"@id\":\"https:\/\/patoagencja.com\/main\/#website\"},\"datePublished\":\"2022-02-09T15:33:42+00:00\",\"dateModified\":\"2022-02-10T14:21:32+00:00\",\"description\":\"Patoagencja to nie jest zwyk\u0142a agencja. To patoagencja. Bierzemy du\u017cy hajs za du\u017ce wyniki. Nie bierzemy je\u0144c\u00f3w. Zata\u0144czysz z nami?\",\"breadcrumb\":{\"@id\":\"https:\/\/patoagencja.com\/main\/en\/fun\/#breadcrumb\"},\"inLanguage\":\"pl-PL\",\"potentialAction\":[{\"@type\":\"ReadAction\",\"target\":[\"https:\/\/patoagencja.com\/main\/en\/fun\/\"]}]},{\"@type\":\"BreadcrumbList\",\"@id\":\"https:\/\/patoagencja.com\/main\/en\/fun\/#breadcrumb\",\"itemListElement\":[{\"@type\":\"ListItem\",\"position\":1,\"name\":\"Strona g\u0142\u00f3wna\",\"item\":\"https:\/\/patoagencja.com\/main\/\"},{\"@type\":\"ListItem\",\"position\":2,\"name\":\"Home\",\"item\":\"https:\/\/patoagencja.com\/main\/en\/strona-glowna\/\"},{\"@type\":\"ListItem\",\"position\":3,\"name\":\"\ud83d\ude02\ud83d\ude02\ud83d\ude02\"}]},{\"@type\":\"WebSite\",\"@id\":\"https:\/\/patoagencja.com\/main\/#website\",\"url\":\"https:\/\/patoagencja.com\/main\/\",\"name\":\"Patoagencja\",\"description\":\"Agencja Digital Marketing\",\"publisher\":{\"@id\":\"https:\/\/patoagencja.com\/main\/#organization\"},\"potentialAction\":[{\"@type\":\"SearchAction\",\"target\":{\"@type\":\"EntryPoint\",\"urlTemplate\":\"https:\/\/patoagencja.com\/main\/?s={search_term_string}\"},\"query-input\":\"required name=search_term_string\"}],\"inLanguage\":\"pl-PL\"},{\"@type\":\"Organization\",\"@id\":\"https:\/\/patoagencja.com\/main\/#organization\",\"name\":\"Patoagencja\",\"url\":\"https:\/\/patoagencja.com\/main\/\",\"logo\":{\"@type\":\"ImageObject\",\"inLanguage\":\"pl-PL\",\"@id\":\"https:\/\/patoagencja.com\/main\/#\/schema\/logo\/image\/\",\"url\":\"https:\/\/patoagencja.com\/wp-content\/uploads\/2022\/01\/Projekt-bez-tytulu-6.png\",\"contentUrl\":\"https:\/\/patoagencja.com\/wp-content\/uploads\/2022\/01\/Projekt-bez-tytulu-6.png\",\"width\":1500,\"height\":600,\"caption\":\"Patoagencja\"},\"image\":{\"@id\":\"https:\/\/patoagencja.com\/main\/#\/schema\/logo\/image\/\"}}]}<\/script>\n<!-- \/ Yoast SEO plugin. -->","yoast_head_json":{"title":"\ud83d\ude02\ud83d\ude02\ud83d\ude02 - Patoagencja","description":"Patoagencja to nie jest zwyk\u0142a agencja. To patoagencja. Bierzemy du\u017cy hajs za du\u017ce wyniki. Nie bierzemy je\u0144c\u00f3w. Zata\u0144czysz z nami?","robots":{"index":"index","follow":"follow","max-snippet":"max-snippet:-1","max-image-preview":"max-image-preview:large","max-video-preview":"max-video-preview:-1"},"canonical":"https:\/\/patoagencja.com\/main\/en\/fun\/","og_locale":"pl_PL","og_type":"article","og_title":"\ud83d\ude02\ud83d\ude02\ud83d\ude02 - Patoagencja","og_description":"Patoagencja to nie jest zwyk\u0142a agencja. To patoagencja. Bierzemy du\u017cy hajs za du\u017ce wyniki. Nie bierzemy je\u0144c\u00f3w. Zata\u0144czysz z nami?","og_url":"https:\/\/patoagencja.com\/main\/en\/fun\/","og_site_name":"Patoagencja","article_modified_time":"2022-02-10T14:21:32+00:00","og_image":[{"url":"https:\/\/patoagencja.com\/wp-content\/uploads\/2022\/01\/Zrzut-ekranu-2022-01-31-o-11.23.08.png"}],"twitter_card":"summary_large_image","twitter_misc":{"Szacowany czas czytania":"2 minuty"},"schema":{"@context":"https:\/\/schema.org","@graph":[{"@type":"WebPage","@id":"https:\/\/patoagencja.com\/main\/en\/fun\/","url":"https:\/\/patoagencja.com\/main\/en\/fun\/","name":"\ud83d\ude02\ud83d\ude02\ud83d\ude02 - Patoagencja","isPartOf":{"@id":"https:\/\/patoagencja.com\/main\/#website"},"datePublished":"2022-02-09T15:33:42+00:00","dateModified":"2022-02-10T14:21:32+00:00","description":"Patoagencja to nie jest zwyk\u0142a agencja. To patoagencja. Bierzemy du\u017cy hajs za du\u017ce wyniki. Nie bierzemy je\u0144c\u00f3w. Zata\u0144czysz z nami?","breadcrumb":{"@id":"https:\/\/patoagencja.com\/main\/en\/fun\/#breadcrumb"},"inLanguage":"pl-PL","potentialAction":[{"@type":"ReadAction","target":["https:\/\/patoagencja.com\/main\/en\/fun\/"]}]},{"@type":"BreadcrumbList","@id":"https:\/\/patoagencja.com\/main\/en\/fun\/#breadcrumb","itemListElement":[{"@type":"ListItem","position":1,"name":"Strona g\u0142\u00f3wna","item":"https:\/\/patoagencja.com\/main\/"},{"@type":"ListItem","position":2,"name":"Home","item":"https:\/\/patoagencja.com\/main\/en\/strona-glowna\/"},{"@type":"ListItem","position":3,"name":"\ud83d\ude02\ud83d\ude02\ud83d\ude02"}]},{"@type":"WebSite","@id":"https:\/\/patoagencja.com\/main\/#website","url":"https:\/\/patoagencja.com\/main\/","name":"Patoagencja","description":"Agencja Digital Marketing","publisher":{"@id":"https:\/\/patoagencja.com\/main\/#organization"},"potentialAction":[{"@type":"SearchAction","target":{"@type":"EntryPoint","urlTemplate":"https:\/\/patoagencja.com\/main\/?s={search_term_string}"},"query-input":"required name=search_term_string"}],"inLanguage":"pl-PL"},{"@type":"Organization","@id":"https:\/\/patoagencja.com\/main\/#organization","name":"Patoagencja","url":"https:\/\/patoagencja.com\/main\/","logo":{"@type":"ImageObject","inLanguage":"pl-PL","@id":"https:\/\/patoagencja.com\/main\/#\/schema\/logo\/image\/","url":"https:\/\/patoagencja.com\/wp-content\/uploads\/2022\/01\/Projekt-bez-tytulu-6.png","contentUrl":"https:\/\/patoagencja.com\/wp-content\/uploads\/2022\/01\/Projekt-bez-tytulu-6.png","width":1500,"height":600,"caption":"Patoagencja"},"image":{"@id":"https:\/\/patoagencja.com\/main\/#\/schema\/logo\/image\/"}}]}},"_links":{"self":[{"href":"https:\/\/patoagencja.com\/main\/wp-json\/wp\/v2\/pages\/5623","targetHints":{"allow":["GET"]}}],"collection":[{"href":"https:\/\/patoagencja.com\/main\/wp-json\/wp\/v2\/pages"}],"about":[{"href":"https:\/\/patoagencja.com\/main\/wp-json\/wp\/v2\/types\/page"}],"author":[{"embeddable":true,"href":"https:\/\/patoagencja.com\/main\/wp-json\/wp\/v2\/users\/1"}],"replies":[{"embeddable":true,"href":"https:\/\/patoagencja.com\/main\/wp-json\/wp\/v2\/comments?post=5623"}],"version-history":[{"count":10,"href":"https:\/\/patoagencja.com\/main\/wp-json\/wp\/v2\/pages\/5623\/revisions"}],"predecessor-version":[{"id":5698,"href":"https:\/\/patoagencja.com\/main\/wp-json\/wp\/v2\/pages\/5623\/revisions\/5698"}],"up":[{"embeddable":true,"href":"https:\/\/patoagencja.com\/main\/wp-json\/wp\/v2\/pages\/5652"}],"wp:attachment":[{"href":"https:\/\/patoagencja.com\/main\/wp-json\/wp\/v2\/media?parent=5623"}],"curies":[{"name":"wp","href":"https:\/\/api.w.org\/{rel}","templated":true}]}}